 is the remainder when 54 is divided by 0/((-12)/(-4)) - (-21)/z?
5
Let l(r) = -r**3 - 5*r**2 - 9*r - 15. Suppose 8*o = 5*o - 18. Let w be l(o). Calculate the remainder when (-52)/10*w/(-30) is divided by 5.
3
Suppose 0 = -539*w - 602 + 2827 + 5321. Let j(v) = v**2 + 5*v + 10. What is the remainder when j(9) is divided by w?
10
Let h(n) = -n**3 - 2*n**2 - 2*n + 5. Suppose -2338*r + 5451 = -2101*r. What is the remainder when h(-4) is divided by r?
22
Suppose 395*s + 2521 = 38884 - 3183. What is the remainder when s is divided by (-44)/(-12) - 2/3?
0
Let o(p) = 6*p**2 + p + 4. Let v be o(-4). Suppose h = 4*q - 17 - 22, q - h = 12. Suppose q*z = v + 93. Calculate the remainder when 62 is divided by z.
20
Suppose -6*b = -0*b - 96. Suppose 32 + b = 4*k. Suppose -21 + 0 = -7*j. Calculate the remainder when k is divided by j.
0
Suppose 2*u - 4*r - 20 = -7*r, -40 = -5*u - 5*r. Suppose u*t - 97 = b, 3*b + 2 = -1. What is the remainder when 94 is divided by t?
22
Let o(i) = -18*i**2 + 134*i - 111. What is the remainder when 889 is divided by o(6)?
34
Calculate the remainder when 1704/(-132) + 5 + (-2)/22 + 5872 is divided by 345.
344
Suppose -u - 7 + 14 + 40 = 0. Let o = 38 + -23. What is the remainder when u is divided by o?
2
Let j(x) = -28*x + 1100. Let w = -722 - -473. Let m = w + 391. Calculate the remainder when m is divided by j(38).
34
Suppose 3*s + 52*c - 294 = 54*c, 0 = 5*s + 3*c - 528. Calculate the remainder when 912 is divided by s.
96
Suppose 0 = 4*b - 14*b + 50. Let j be -5 - (-1)/(-5)*b. Let u(g) = g**2 + 8*g + 27. Calculate the remainder when u(j) is divided by 8.
7
Let y(g) = 33*g + 2705. What is the remainder when y(-73) is divided by 149?
147
Suppose -5*l + 16923 = -11572. What is the remainder when l is divided by 95?
94
Suppose 6*l = 963 - 69. Suppose 5*z + 2*v = -735, 555 = -4*z + 3*v + 2*v. Calculate the remainder when l is divided by 2204/z*(-10)/4.
35
Let d(q) = q**2 - 19*q - 3322. Suppose -5*a - 3*x = -262, 0 = 4*a - 7*a - 5*x + 154. Calculate the remainder when a is divided by d(68).
3
Suppose 0 = -3*x - 9, -5*x - 12 = -3*q + 15. Suppose -4*j = -g + 23 + 16, -g - q*j = -63. Calculate the remainder when 201 is divided by g.
48
Let w(y) = y + 3. Let l be 5/(2/6*3). What is the remainder when 6 - (-3 + 4)*-24 is divided by w(l)?
6
Let x(l) = l**2 + 33*l + 7. Let s be x(-14). Let j = -240 - s. Calculate the remainder when 36 is divided by j.
17
Suppose -5*o = -15 - 5, -3*o + 312 = 5*u. Let r = u - 0. What is the remainder when 178 is divided by r?
58
Calculate the remainder when (-374)/(-7) - (-11)/616*-24 is divided by 7.
4
Suppose -5*t + 15 = 55. Let l = 12 + t. What is the remainder when 0/(6*l/8) + 57 is divided by 20?
17
Let g(l) = 3*l**3 + 30*l**2 - 25*l - 22. What is the remainder when g(-7) is divided by 84?
6
Let f = -16693 - -17216. Calculate the remainder when f is divided by 308.
215
Calculate the remainder when 861 is divided by 168/126*(-120)/(-16).
1
Let j = -1299 - -2128. What is the remainder when j is divided by 277?
275
Let c = -7259 + 7531. Calculate the remainder when c is divided by 150.
122
Suppose 295*r + 555 = 332*r. Calculate the remainder when r is divided by 5.
0
Let m(n) = n**3 + 3*n**2 - 3*n. Let d be m(-3). Suppose -2*t = -t - d. Suppose 0 = t*l - 3*l - 42. Calculate the remainder when 27 is divided by l.
6
What is the remainder when (-14)/((-228)/(-42) + -5 - 94/154) is divided by 14?
7
Let a(y) be the first derivative of y**4/4 + y**3/3 + 3*y**2 - 24*y - 48. What is the remainder when a(3) is divided by 11?
8
Suppose -6*r + 1913 = -11947. Suppose -18*f = -r + 780. Calculate the remainder when f is divided by 9.
4
Let n(i) = -i**3 - 4*i**2 + 4*i + 2. Let v be n(-6). Let y(z) = -25*z + 47 - 29*z + v*z. Calculate the remainder when y(-6) is divided by 18.
17
Suppose 0 = -a + 3*g + 17 - 10, -12 = -4*g. What is the remainder when 778 is divided by a?
10
Suppose 0 = c - 4*j - 58, 67*j = 3*c + 69*j - 258. Calculate the remainder when 395 is divided by c.
67
Suppose -38*j + 41*j - 5305 = -5*p, 0 = 2*j + 4*p - 3534. Calculate the remainder when j is divided by 99.
92
Let t(p) = 1334*p**2 + 9326*p + 7. What is the remainder when 1098 is divided by t(-7)?
6
Suppose -176*m + 2905 = -8949 - 1346. What is the remainder when 896 is divided by m?
71
Suppose -4 = -3*o + 4*y, o - 15*y = -14*y + 1. Suppose -14*i + 423 + 571 = o. What is the remainder when i is divided by 47?
24
Let h(f) = f**2 - 4*f - 10. Let v be -4 - (-3 - -1)*5. Let r be h(v). Suppose 24 = r*s + 6*s. Calculate the remainder when 16 is divided by s.
1
Suppose -33 = 4*f - 11 - 50. Let w(z) = 2*z**3 + 5*z - 3*z**2 - 2 - z**3 - z**2. What is the remainder when f is divided by w(3)?
3
Let z(b) = -b**3 - 36*b**2 + 17*b + 171. What is the remainder when z(-37) is divided by 246?
173
Suppose -2*q + 28 = -14. Suppose 5*b - 1080 = -5*s, 3*b - 16*s + q*s = 644. Calculate the remainder when b is divided by 13.
10
Suppose 4*r + 22 = 2*u - 4, 5*u - 3*r = 72. Suppose -38*n + u = -43*n. What is the remainder when 14 is divided by (20 - (n - -6)) + -5?
2
Suppose -5*l - 7 = -5*j - 162, -l - 4*j + 11 = 0. Calculate the remainder when 249 is divided by l.
6
Let m = 3090 + -3062. Let p be -1 - ((-87)/(-3) - 1). Let o = -18 - p. What is the remainder when m is divided by o?
6
Let z = -92 - -186. Let n(c) = -375*c - 13091. Calculate the remainder when z is divided by n(-35).
26
Suppose 4*q = -5*g + 441 + 6768, -2*g - 4*q + 2862 = 0. Calculate the remainder when g is divided by 482.
3
Suppose -15401 = -62*p + 40*p - 4313. Calculate the remainder when p is divided by 129.
117
Suppose 6*b = 220 + 56. Let g(x) = 57*x - 253. Calculate the remainder when b is divided by g(5).
14
Suppose 167*f = 65171 + 21335. Calculate the remainder when 3631 is divided by f.
5
Let d(f) = 27*f + 23. Let p be d(-10). Let i = p + 176. Let h = 81 + i. What is the remainder when 36 is divided by h?
6
Let m = 1349 - 733. Suppose -1286 + 806 = -12*b. Calculate the remainder when 79 is divided by (-3)/(-5) + m/b.
15
Let x = 11723 + -11558. Calculate the remainder when x is divided by -6 + 20 + 2*-1.
9
Let o = 276 - -476. What is the remainder when 758 is divided by o?
6
Let v = -2684 - -2754. Calculate the remainder when 468 is divided by v.
48
Let f = 1237 + 466. What is the remainder when f is divided by 8?
7
Let f(t) = 12*t + 3. What is the remainder when f(4) is divided by -68*(-3)/15 + (-57)/95?
12
Let d = 6 - -1. Let b = -4745 + 4781. Calculate the remainder when b is divided by d.
1
Let j = 10158 + -10079. Let d(v) = -v**3 - 3*v**2 + 4*v - 3. Calculate the remainder when j is divided by d(-5).
25
Calculate the remainder when 213136/396 - (-4 - (-76)/18) is divided by 91.
83
Let g be -168 + 2 - (-8)/(-4). Let u = -165 - g. What is the remainder when 19 is divided by u?
1
Let z = -2981 + 3028. What is the remainder when 365 is divided by z?
36
Suppose -90*j + 1728 = 3*j + 705. What is the remainder when 26320 is divided by j?
8
Let n(x) = 27*x + 3. Let o(t) = 56*t + 6. Let v(y) = 7*n(y) - 3*o(y). Calculate the remainder when 1055 is divided by v(3).
65
Calculate the remainder when 2098 is divided by 7*(-8)/224 + 164/16.
8
Suppose 0 = -4*c - 59*z + 57*z + 1638, -1197 = -3*c + 3*z. Calculate the remainder when c is divided by 197.
12
Let f = 1296 - -838. Suppose f = -4*z + 2514. Calculate the remainder when z is divided by 8.
7
Let x(c) = 152*c - 784. What is the remainder when x(19) is divided by 81?
79
Suppose -3*f - f + 64 = 0. Let z be 1663/4 + (44/f)/11. What is the remainder when 49 is divided by (-4)/10 + z/40?
9
Let d(h) be the third derivative of 31*h**4/24 - 59*h**3/2 + 234*h**2. What is the remainder when d(11) is divided by 42?
38
Let r be (-2)/((-3)/(-216)*4). Let s be 3*4/(-54) + 2060/(-45). Let x = r - s. Calculate the remainder when 39 is divided by x.
9
Suppose y = -k + 4*k - 74, 0 = -3*k - 2*y + 59. Calculate the remainder when (-4 + -5*(-72)/70)*(-154)/(-4) is divided by k.
21
Let l = 5 + -1. Suppose -l*r + 20 = -2*r. What is the remainder when r is divided by 3 - 2/(-2) - 2?
0
Suppose -7*t - 8296 = -9157. Calculate the remainder when 5902 is divided by t.
121
What is the remainder when (-21210)/(-80) - (52/32)/13 is divided by 144?
121
Let r = 426 + -430. Calculate the r